
5
Let d be 2/(((-25)/(-5))/10). Let o(f) = 2*f + 2. Let v(x) = -2*x - 1. Let p(k) = 5*o(k) + 6*v(k). Give p(d).
-4
Suppose -5*h - 2*a + 12 = 2, 2*a = 5*h - 10. Let x(k) = k**2 - k**3 - 11 - 2*k**2 + 10 + 3*k. Calculate x(h).
-7
Suppose -24*z - 20 = -19*z. Let a(w) = 4*w**3 - 9*w**2 + 8*w + 11. Let o(u) = -3*u**3 + 6*u**2 - 5*u - 7. Let y(v) = 5*a(v) + 7*o(v). What is y(z)?
2
Let q(l) = l**2 + l. Let t(p) = -55*p**2 - 44*p. Let i(o) = 44*q(o) + t(o). Calculate i(-1).
-11
Let l(w) be the third derivative of 1/24*w**4 + w**2 + 0 - 1/60*w**5 + 0*w - 1/6*w**3. What is l(0)?
-1
Suppose -2*y = -2*m, -3*m - y = -0*y + 8. Let i(h) = -h**2 + 2*h**3 - 1 + 0*h**3 - 2*h**3 - 2*h**3 + 2*h. Calculate i(m).
7
Let g = 13 + -18. Let k(n) = -n**2 - 6*n + 4. Calculate k(g).
9
Let p(r) = -r**2 - 3*r + 1. Let o(q) = -q. Let i be -1*(-1 + -1)*2. Let d(v) = i*o(v) - p(v). Determine d(0).
-1
Let j be (-2)/5 - (-40)/(-25). Let l be 0/(j + (3 - 3)). Let b(v) = v - 8. Calculate b(l).
-8
Let o(k) = -k + 3. Let n(l) = 6*l + 1. Let x(j) = -7*j - 1. Let g(s) = -6*n(s) - 5*x(s). Let z be g(-6). Suppose z*v = 19 + 6. Give o(v).
-2
Suppose 2*y = 4*y - 16. Suppose -3*k = -y*k + 20. Let m(c) = -3*c + 6. What is m(k)?
-6
Let v(i) be the first derivative of 6*i - 1/2*i**2 + 8. What is v(0)?
6
Let q(i) = i + 8. Let r be q(-8). Let x(y) = -y + 4. What is x(r)?
4
Let x(d) = -9*d + 1. Let w be x(-2). Suppose t = -p - 2*p + 16, -4*p + w = -t. Let l = t - 2. Let q(o) = 6*o**2 + 2*o + 1. Calculate q(l).
5
Suppose 2*g = 4*g - 3*u + 10, u = 3*g + 22. Let s = 12 + g. Let t(f) = f**2 - 2*f - 4. What is t(s)?
4
Let z(u) = -u**2 - 12*u - 7. Let p = -2 - 9. Let t be z(p). Let m(b) be the third derivative of -b**6/120 + b**5/20 + b**4/6 + b**3/6 - 2*b**2. Determine m(t).
1
Let w(q) = -2*q + 2*q**2 + 5*q**2 - 3 + 6 + q**3 - 9*q**2. Let j(k) = k**3 + 6*k**2 + 3*k - 6. Let h be j(-5). Let v = 6 - h. Give w(v).
-1
Suppose 3*z - 30 = -2*z. Let p(v) = 5*v + 2*v - 5*v**2 + 1 + z*v**2. What is p(-5)?
-9
Let f(j) be the third derivative of j**4/24 - j**3/6 - j**2. Let d(r) = r**3 + r**2 + r - 3. Let m be d(0). Determine f(m).
-4
Let k(f) = -f**2 - 4*f + 7. Let u(v) = v - 3. Let t be u(7). Suppose d = t*d + 15. What is k(d)?
2
Let m(z) = -2*z + 26. Let y be m(15). Let u(t) = 2*t + 5. What is u(y)?
-3
Let s(u) = u**3 - 151*u**2 + 2 + 74*u**2 + 74*u**2. Let k = 4 - 1. Determine s(k).
2
Suppose -k + 11 = 2*p, -5*p - 4*k + 29 = -6. Let o(l) = 3 - l**2 - 4 + 2*l**2 + p*l**3 + 3*l**3. Determine o(1).
6
Let y(a) = -2*a + 9. Let j(m) = 2*m - m - 1 - 5 + m. Let w be j(6). Calculate y(w).
-3
Let y(l) = -7*l**3 + l**2 - 10*l - 3. Let c(p) = -3*p**3 - 5*p - 2. Let j be ((-10)/(-25))/((-1)/10). Let h(i) = j*y(i) + 9*c(i). Determine h(5).
-6
Let x(m) be the first derivative of -m**4/4 + 2*m**3/3 - m**2/2 + 2*m + 1. Let z be x(2). Let t = -3 + z. Let f(b) = 2*b + 3. Determine f(t).
-3
Let x = 1 + -1. Suppose 11 = -d + 5*j, -2*j + 7 = 4*d - 5*j. Let a(s) = -2*s**2 + s**3 + 3*s**2 + 7 - d + 1 + s. Determine a(x).
4
Suppose -i - 3 = -4*i. Let j be (-1 - i) + 1 - -1. Let w(z) = 4 - 4 - z**3 + 2. Calculate w(j).
2
Let z(c) = c**2 - c - 4. Suppose 12 = -u + 5*m, -2*u - 3*u = 3*m - 24. What is z(u)?
2
Let l be (-3)/(-9) - (-17)/3. Let n be ((-10)/15)/((-1)/l). Let z(f) = -3*f + 2. Determine z(n).
-10
Let b(x) = -x + 2. Suppose 1 = -3*f + 4*z, 6*z - 2*z - 31 = -3*f. Suppose -3*o + 4*s = 0, 0*s = 5*o - f*s - 5. Give b(o).
-2
Let o(q) be the second derivative of -q**6/120 - q**5/20 - q**4/24 - 2*q**3/3 - 2*q**2 - q. Let y(n) be the first derivative of o(n). Calculate y(-3).
-1
Suppose 0 = 3*p, p = 2*o + 5*p - 2. Let r(c) = c + 1. Let x(n) = -11*n**2 + 1. Let i be x(1). Let w(a) = 8*a + 10. Let k(s) = i*r(s) + w(s). Give k(o).
-2
Let h(y) = 14*y - 6. Let t(f) = -f + 1. Let a(l) = -h(l) - 12*t(l). Give a(-5).
4
Let o = -4 - -4. Let x(s) be the third derivative of 0*s + 1/8*s**4 + 2*s**2 + 1/6*s**3 + o. Give x(-1).
-2
Let k(w) = w**2 - w**3 + 6*w - 2 - w**2 + 3*w**2. Suppose 3*p = -2*y + 14, 3*p - 3*y = p + 5. Calculate k(p).
6
Let c(t) be the first derivative of 5*t**2/2 - t + 4. Let n = -3 + 2. Calculate c(n).
-6
Let i(p) be the first derivative of -p**4/4 + p**3/3 + p**2 + p - 11. What is i(3)?
-11
Let q(j) be the first derivative of -7*j + 4 + 1/2*j**2. Calculate q(6).
-1
Let q(u) be the second derivative of u**4/6 - u**3/2 + u**2 - 6*u. Suppose 11 = 3*t - 5*z, 3*t = 3*z - 2 + 11. Calculate q(t).
4
Let y(a) = a**2 - 4*a - 6. Let b = -22 - -27. What is y(b)?
-1
Let d(x) = 3*x**3 + 3*x**2 - 7*x - 3. Let h(q) = -10*q**3 - 9*q**2 + 22*q + 10. Let y(p) = 7*d(p) + 2*h(p). Determine y(-4).
3
Let q be (-36)/(-90) - (-3)/5. Let m(i) = 12*i**3 - i**2 + 2*i - 1. Determine m(q).
12
Let k(d) = d**2 + 3*d - 3. Suppose -10*n = -5*n + 25. Give k(n).
7
Let g be 6/(-5)*15/(-6). Let f be -1 + g + (4 - 4). Let l(j) = -6*j**3 - 5*j**f + 5*j**2. What is l(-1)?
6
Let g(o) be the first derivative of -2*o**2 - 7. Determine g(4).
-16
Let h(o) = -o**3 - 7*o**2 + 6*o - 4. Let r = 2 + 4. Let m(p) = -2*p**3 - 13*p**2 + 11*p - 7. Let q(y) = r*m(y) - 11*h(y). Suppose -a = -4*a. Give q(a).
2
Let z(l) = -l - 6. Let b be (-1 - -3) + (-36)/4. What is z(b)?
1
Let f(h) = -h**2 - 1. Let z(o) = -o**2 - o. Let a(x) = -5*f(x) + 6*z(x). Calculate a(-8).
-11
Let c(v) = v - 3. Suppose 0 = 4*l + 4*u - 12, -l = -u - 10 + 1. Give c(l).
3
Let k(s) = -s**3 - 3*s**2 - s - 1. Let c be k(-3). Let h = 3 - c. Let f(n) = n + 1 - 7 + h. Calculate f(6).
1
Let q(t) = -t**3 - t**2 + 3. Suppose 4*z + 3 = 11. Let g(u) = -2*u + 5. Let x be g(4). Let p be 1 - x/(-6)*z. What is q(p)?
3
Suppose 2 - 10 = -2*b, 2*i = -2*b + 8. Let p(k) = 3 + 7*k + i - 8*k. Determine p(0).
3
Suppose -5*s = -7 - 8. Let m(t) = 2*t**2 + 4*t - 7. Let i(c) = -c**2 - 4*c + 6. Let f(u) = 3*i(u) + 2*m(u). Calculate f(s).
1
Let r be (2/6)/1*(1 - 4). Let c(u) = 9*u**2 + 2*u - u - 4*u**2. Determine c(r).
4
Let q(y) = -y**2 + y - 3. Let n(c) = -5*c**3 - 6*c**2 + 16*c + 10. Let j(b) = -b**3 - b**2 + 3*b + 2. Let x(g) = -11*j(g) + 2*n(g). Let z be x(2). What is q(z)?
-3
Let t(y) = y**2 - 6*y - 2. Let m be t(5). Let o be (-176)/(-28) - (-2)/m. Let k(l) = l + o*l + 2 + 4*l - 6*l. Give k(-2).
-8
Let o(h) = -h**3 + 6*h**2 + 3*h + 5. Let m(w) = -6 + w + w**3 + 12*w**2 - 4*w - 19*w**2. Let q(y) = 4*m(y) + 5*o(y). Calculate q(-2).
11
Let p be 4/8 + (-7)/(-2). Let r(g) = -g**2 - g + p + g - g + 3*g. Let a be (-180)/(-42) + (-4)/14. What is r(a)?
-4
Let y(d) = d**2 - 4*d - 7. Let w(b) = b - 10. Let v be w(7). Let o be (v/6)/(1/(-10)). Give y(o).
-2
Let f(o) = o**3 - o - 7. Suppose w + t - 9 = 0, 2*w + t - 5 - 8 = 0. Let n(v) = -v - 1. Let c be n(w). Let r be -3 - c - (-4)/(-2). Give f(r).
-7
Let k(h) = 4*h**3 + h**2 + 3*h + 2. Let v be k(-1). Let g(l) = -l**2 - 4*l + 4. Determine g(v).
4
Let d(m) = -m + 8. Suppose 0 = -0*g + 2*g. Calculate d(g).
8
Let r(q) = -q + 3. Suppose 2*m - 6*m + 31 = 5*l, 2*l + 4*m - 10 = 0. Give r(l).
-4
Suppose -3*v + 2*v + 2 = -4*i, -5*v = -4*i - 10. Let w(m) = 2*m + 0*m + v + 0*m**2 + 2*m**2. Suppose -3*s = 2*s + 3*q - 5, -5*q = 5*s - 15. Give w(s).
6
Let b(n) be the second derivative of -n**5/20 + n**4/2 + n**3 + 7*n**2/2 + 3*n. Let m be b(7). Let k(o) = o**3 - 6. What is k(m)?
-6
Let r = -2039/12 - -170. Let k(j) be the second derivative of j**2 + 1/2*j**3 + r*j**4 - 2*j + 0 - 1/20*j**5. What is k(3)?
-7
Let x(w) = 5*w**2 - 6*w - 5. Let s(b) = -b**3 + 4*b**2 - 5*b - 4. Let n(k) = -k - 1. Let v be n(-6). Let m(a) = v*s(a) - 4*x(a). What is m(-1)?
6
Let y(f) = f**3 - 8*f**2 - 2*f. Let q(r) = -r**2 - r - 1. Let t(g) = 2*q(g) - y(g). Give t(6).
-2
Let s(p) = p**3 - p**2. Let u(f) = -4*f**2 + 5*f - 5. Let l(j) = -s(j) - u(j). Let y(q) = q**2 + 7*q + 4. Let b = -18 + 11. Let a be y(b). What is l(a)?
1
Let r = -18 + 13. Let j(p) = p. Determine j(r).
-5
Suppose 7 = -4*f + 23, 4*x - 5*f + 20 = 0. Let r be (6/4)/(9/12). Let b(y) = -y**r + 5*y - 3*y - 10 - 2*y. Calculate b(x).
-10
Let y(j) = 1 - 2*j**2 - 7 - 1 + 6*j - 3*j**2 - j**3. Calculate y(-6).
-7
Let v = 1 - 2. Let s be (4 - 0 - 3)*4. Let o(l) = 4 + 2 - 2 - 3 + s*l. Calculate o(v).
-3
Suppose -j - 11 = -5. Let m(v) = -v - 12. What is m(j)?
-6
Let t(p) = -p - 6. Let c = -180 - -258. Suppose 5*a + 75 = 2*j + 3*j, -c = 4*a + 2*j. Let z be a/4 - (-2)/(-4). Det